{"id":2837,"date":"2026-03-24T16:58:00","date_gmt":"2026-03-24T19:58:00","guid":{"rendered":"https:\/\/santacasasaosimao.org.br\/?page_id=2837"},"modified":"2026-03-24T17:10:20","modified_gmt":"2026-03-24T20:10:20","slug":"convenio-2026-execucao-integrada-de-servicos-de-saude","status":"publish","type":"page","link":"https:\/\/santacasasaosimao.org.br\/?page_id=2837","title":{"rendered":"CONVENIO 2026 &#8211; EXECU\u00c7\u00c3O INTEGRADA DE SERVI\u00c7OS DE SA\u00daDE"},"content":{"rendered":"\n<p>O presente Plano de Trabalho tem por finalidade consolidar, em um \u00fanico instrumento, a execu\u00e7\u00e3o de todos os conv\u00eanios firmados entre o Munic\u00edpio de S\u00e3o Sim\u00e3o e a Santa Casa de Miseric\u00f3rdia de S\u00e3o Sim\u00e3o para o exerc\u00edcio de 2026, abrangendo os servi\u00e7os de:<\/p>\n\n\n\n<ul class=\"wp-block-list\">\n<li>Urg\u00eancia e Emerg\u00eancia \/ Pronto Atendimento;<\/li>\n\n\n\n<li>Cl\u00ednica de Especialidades;<\/li>\n\n\n\n<li>Unidade de Cuidados Prolongados \u2013 UCP;<\/li>\n\n\n\n<li>Servi\u00e7os assistenciais hospitalares e ambulatoriais complementares.<\/li>\n\n\n\n<li>Servi\u00e7os de Atendimento M\u00f3vel de Urg\u00eancia \u2013 SAMU<\/li>\n<\/ul>\n\n\n\n<p><\/p>\n\n\n\n<ul class=\"wp-block-list\"><\/ul>\n\n\n\n<div class=\"wp-block-uagb-icon-list uagb-block-a22a9b56\"><div class=\"uagb-icon-list__wrap\">\n<div class=\"wp-block-uagb-icon-list-child uagb-block-a3de3e6d\"><a target=\"_self\" aria-label=\"CONVENIO 2026 - EXECU\u00c7\u00c3O INTEGRADA DE SERVI\u00c7OS DE SA\u00daDE\" rel=\"noopener noreferrer\" href=\"https:\/\/drive.google.com\/file\/d\/1Aok1yVmC3r73IIbOCUlS-6A-kMz_MjKW\/view?usp=sharing\"> <\/a><span class=\"uagb-icon-list__source-wrap\"><svg xmlns=\"https:\/\/www.w3.org\/2000\/svg\" viewBox=\"0 0 512 512\"><path d=\"M256 0C114.6 0 0 114.6 0 256c0 141.4 114.6 256 256 256s256-114.6 256-256C512 114.6 397.4 0 256 0zM406.6 278.6l-103.1 103.1c-12.5 12.5-32.75 12.5-45.25 0s-12.5-32.75 0-45.25L306.8 288H128C110.3 288 96 273.7 96 256s14.31-32 32-32h178.8l-49.38-49.38c-12.5-12.5-12.5-32.75 0-45.25s32.75-12.5 45.25 0l103.1 103.1C414.6 241.3 416 251.1 416 256C416 260.9 414.6 270.7 406.6 278.6z\"><\/path><\/svg><\/span><span class=\"uagb-icon-list__label\">CONVENIO 2026 &#8211; EXECU\u00c7\u00c3O INTEGRADA DE SERVI\u00c7OS DE SA\u00daDE<\/span><\/div>\n<\/div><\/div>\n\n\n\n<p><\/p>\n","protected":false},"excerpt":{"rendered":"<p>O presente Plano de Trabalho tem por finalidade consolidar, em um \u00fanico instrumento, a execu\u00e7\u00e3o de todos os conv\u00eanios firmados entre o Munic\u00edpio de S\u00e3o Sim\u00e3o e a Santa Casa de Miseric\u00f3rdia de S\u00e3o Sim\u00e3o para o exerc\u00edcio de 2026, abrangendo os servi\u00e7os de:<\/p>\n","protected":false},"author":1,"featured_media":0,"parent":0,"menu_order":0,"comment_status":"closed","ping_status":"closed","template":"","meta":{"_eb_attr":"","_uag_custom_page_level_css":"","site-sidebar-layout":"default","site-content-layout":"","ast-site-content-layout":"default","site-content-style":"default","site-sidebar-style":"default","ast-global-header-display":"","ast-banner-title-visibility":"","ast-main-header-display":"","ast-hfb-above-header-display":"","ast-hfb-below-header-display":"","ast-hfb-mobile-header-display":"","site-post-title":"","ast-breadcrumbs-content":"","ast-featured-img":"","footer-sml-layout":"","theme-transparent-header-meta":"","adv-header-id-meta":"","stick-header-meta":"","header-above-stick-meta":"","header-main-stick-meta":"","header-below-stick-meta":"","astra-migrate-meta-layouts":"set","ast-page-background-enabled":"default","ast-page-background-meta":{"desktop":{"background-color":"var(--ast-global-color-4)","background-image":"","background-repeat":"repeat","background-position":"center center","background-size":"auto","background-attachment":"scroll","background-type":"","background-media":"","overlay-type":"","overlay-color":"","overlay-opacity":"","overlay-gradient":""},"tablet":{"background-color":"","background-image":"","background-repeat":"repeat","background-position":"center center","background-size":"auto","background-attachment":"scroll","background-type":"","background-media":"","overlay-type":"","overlay-color":"","overlay-opacity":"","overlay-gradient":""},"mobile":{"background-color":"","background-image":"","background-repeat":"repeat","background-position":"center center","background-size":"auto","background-attachment":"scroll","background-type":"","background-media":"","overlay-type":"","overlay-color":"","overlay-opacity":"","overlay-gradient":""}},"ast-content-background-meta":{"desktop":{"background-color":"var(--ast-global-color-5)","background-image":"","background-repeat":"repeat","background-position":"center center","background-size":"auto","background-attachment":"scroll","background-type":"","background-media":"","overlay-type":"","overlay-color":"","overlay-opacity":"","overlay-gradient":""},"tablet":{"background-color":"var(--ast-global-color-5)","background-image":"","background-repeat":"repeat","background-position":"center center","background-size":"auto","background-attachment":"scroll","background-type":"","background-media":"","overlay-type":"","overlay-color":"","overlay-opacity":"","overlay-gradient":""},"mobile":{"background-color":"var(--ast-global-color-5)","background-image":"","background-repeat":"repeat","background-position":"center center","background-size":"auto","background-attachment":"scroll","background-type":"","background-media":"","overlay-type":"","overlay-color":"","overlay-opacity":"","overlay-gradient":""}},"footnotes":""},"class_list":["post-2837","page","type-page","status-publish","hentry"],"uagb_featured_image_src":{"full":false,"thumbnail":false,"medium":false,"medium_large":false,"large":false,"1536x1536":false,"2048x2048":false},"uagb_author_info":{"display_name":"adminsitestacasass","author_link":"https:\/\/santacasasaosimao.org.br\/?author=1"},"uagb_comment_info":0,"uagb_excerpt":"O presente Plano de Trabalho tem por finalidade consolidar, em um \u00fanico instrumento, a execu\u00e7\u00e3o de todos os conv\u00eanios firmados entre o Munic\u00edpio de S\u00e3o Sim\u00e3o e a Santa Casa de Miseric\u00f3rdia de S\u00e3o Sim\u00e3o para o exerc\u00edcio de 2026, abrangendo os servi\u00e7os de:","jetpack_sharing_enabled":true,"_links":{"self":[{"href":"https:\/\/santacasasaosimao.org.br\/index.php?rest_route=\/wp\/v2\/pages\/2837","targetHints":{"allow":["GET"]}}],"collection":[{"href":"https:\/\/santacasasaosimao.org.br\/index.php?rest_route=\/wp\/v2\/pages"}],"about":[{"href":"https:\/\/santacasasaosimao.org.br\/index.php?rest_route=\/wp\/v2\/types\/page"}],"author":[{"embeddable":true,"href":"https:\/\/santacasasaosimao.org.br\/index.php?rest_route=\/wp\/v2\/users\/1"}],"replies":[{"embeddable":true,"href":"https:\/\/santacasasaosimao.org.br\/index.php?rest_route=%2Fwp%2Fv2%2Fcomments&post=2837"}],"version-history":[{"count":5,"href":"https:\/\/santacasasaosimao.org.br\/index.php?rest_route=\/wp\/v2\/pages\/2837\/revisions"}],"predecessor-version":[{"id":2847,"href":"https:\/\/santacasasaosimao.org.br\/index.php?rest_route=\/wp\/v2\/pages\/2837\/revisions\/2847"}],"wp:attachment":[{"href":"https:\/\/santacasasaosimao.org.br\/index.php?rest_route=%2Fwp%2Fv2%2Fmedia&parent=2837"}],"curies":[{"name":"wp","href":"https:\/\/api.w.org\/{rel}","templated":true}]}}